814 a multiple of 122?
True
Is 676 a factor of 120753880?
True
Is 521 a factor of 66007053?
True
Does 3225 divide 2317911101?
False
Is 1271697527 a multiple of 3816?
False
Does 11 divide 57094161?
False
Does 1332 divide 281967084?
True
Is 23 a factor of 21589525?
True
Is 13 a factor of 15321639?
False
Is 597 a factor of 2938434?
True
Does 15 divide 249644400?
True
Is 6750405 a multiple of 45?
True
Does 3958 divide 5635402226?
False
Does 10 divide 3695427?
False
Is 3431287002 a multiple of 1529?
True
Is 54320935 a multiple of 19?
False
Does 398 divide 1469326998?
False
Is 66382528 a multiple of 3165?
False
Is 4931584 a multiple of 896?
True
Is 9541393 a multiple of 104?
False
Is 742084642 a multiple of 122?
True
Is 1141610275 a multiple of 13?
True
Is 215 a factor of 146418381?
False
Does 13 divide 21028982?
True
Does 177 divide 14790651?
True
Is 46 a factor of 77006760?
True
Does 78 divide 865582561?
False
Is 306 a factor of 3822070271?
False
Is 1030 a factor of 28006730?
True
Is 298568677 a multiple of 17?
False
Is 31 a factor of 54156439?
False
Is 469500179 a multiple of 157?
True
Is 120043616 a multiple of 88?
True
Is 1363034444 a multiple of 2468?
True
Does 2275 divide 1734691967?
False
Does 11 divide 11368092?
False
Is 4401 a factor of 438779700?
True
Is 9618739 a multiple of 7?
False
Is 1590 a factor of 1255822547?
False
Does 1053 divide 3016729868?
False
Does 7 divide 637951?
False
Is 66 a factor of 1220643?
False
Is 133 a factor of 8937611?
False
Does 13 divide 36694823?
False
Does 3277 divide 327080415?
False
Is 4812984 a multiple of 354?
True
Does 148 divide 124991624?
True
Does 371 divide 49995589?
True
Is 8 a factor of 164059456?
True
Does 12 divide 622461456?
True
Does 93 divide 54091404?
True
Is 401 a factor of 16010326?
True
Does 2173 divide 136601945?
False
Is 101220964 a multiple of 82?
True
Does 38 divide 219258594?
True
Is 213 a factor of 613914427?
False
Does 15 divide 4132051?
False
Is 290 a factor of 81561920?
True
Does 405 divide 114664815?
True
Does 1411 divide 1292803503?
False
Does 1118 divide 547775019?
False
Is 4672 a factor of 399572562?
False
Is 87674948 a multiple of 1242?
False
Does 102 divide 600390462?
True
Is 141 a factor of 225711662?
False
Is 104346283 a multiple of 31?
False
Does 188 divide 45745664?
True
Does 337 divide 8930163?
True
Is 7794480 a multiple of 30?
True
Is 370014210 a multiple of 135?
True
Is 17429728 a multiple of 11?
False
Is 103 a factor of 8733679?
True
Does 13 divide 29465748?
True
Is 4063 a factor of 1050251528?
False
Does 4 divide 6378244?
True
Does 2146 divide 1265852436?
True
Is 30255120 a multiple of 20?
True
Does 18 divide 599599908?
True
Does 125 divide 129565625?
True
Is 6 a factor of 63193794?
True
Does 439 divide 209161220?
False
Is 60471912 a multiple of 5?
False
Is 55940442 a multiple of 13?
False
Does 9 divide 2331175?
False
Does 10 divide 187031344?
False
Does 21 divide 2420853141?
True
Is 4624656155 a multiple of 1633?
False
Does 110 divide 31961626?
False
Does 212 divide 12243000?
True
Is 2160870 a multiple of 969?
True
Is 6 a factor of 816190721?
False
Does 607 divide 901112138?
True
Is 41679979 a multiple of 440?
False
Is 28657576 a multiple of 166?
True
Is 2860984155 a multiple of 86?
False
Does 151 divide 33928643?
True
Does 103 divide 299915091?
True
Is 36 a factor of 21119112?
True
Is 10037290 a multiple of 38?
False
Is 24 a factor of 95628576?
True
Is 1767662880 a multiple of 915?
True
Does 170 divide 159812580?
True
Is 12 a factor of 59955838?
False
Is 284957804 a multiple of 94?
True
Is 65 a factor of 211549994?
False
Is 9497960 a multiple of 1835?
True
Does 370 divide 70634480?
True
Is 2372 a factor of 249494656?
False
Is 10 a factor of 12187534?
False
Is 2120 a factor of 97012316?
False
Is 186 a factor of 7260324?
True
Is 73 a factor of 68163124?
False
Is 1378 a factor of 4092408?
False
Is 47880578 a multiple of 18?
False
Is 10953272 a multiple of 13?
False
Is 123510895 a multiple of 5?
True
Is 19 a factor of 64987068?
True
Is 14388920 a multiple of 130?
True
Is 15 a factor of 3013013?
False
Does 206 divide 26127598?
True
Is 66560397 a multiple of 51?
False
Is 46 a factor of 968626416?
True
Is 16762284 a multiple of 2772?
True
Is 5 a factor of 1802919?
False
Is 283 a factor of 749642268?
False
Is 254200439 a multiple of 17?
True
Is 49947211 a multiple of 43?
False
Does 218 divide 242570126?
True
Is 4920 a factor of 718723440?
True
Is 19 a factor of 1046026698?
False
Is 733410650 a multiple of 69?
False
Is 2139 a factor of 392173204?
False
Is 853015551 a multiple of 471?
False
Is 920887730 a multiple of 1082?
False
Is 39 a factor of 248966484?
True
Is 12939523 a multiple of 4?
False
Is 54 a factor of 47158665?
False
Does 11 divide 20297285?
False
Does 73 divide 224307126?
False
Is 542 a factor of 1142672042?
True
Does 149 divide 4053470?
False
Is 88131370 a multiple of 55?
False
Is 10334240 a multiple of 70?
True
Is 79633134 a multiple of 282?
True
Does 5 divide 966594345?
True
Does 1849 divide 150196119?
True
Does 195 divide 1870296554?
False
Is 107812660 a multiple of 164?
False
Is 2834715810 a multiple of 1230?
True
Does 34 divide 25364977?
False
Is 35 a factor of 5012810?
False
Is 620204468 a multiple of 52?
True
Is 4066809246 a multiple of 104?
False
Is 784811790 a multiple of 90?
True
Is 16 a factor of 45430306?
False
Is 42 a factor of 900969174?
True
Does 28 divide 5462724?
False
Is 134 a factor of 212599145?
False
Is 39039828 a multiple of 804?
True
Is 6655593 a multiple of 7?
True
Is 2702 a factor of 282553544?
True
Is 190354744 a multiple of 1146?
False
Does 241 divide 379704678?
False
Is 177483158 a multiple of 284?
False
Is 8494 a factor of 2370328006?
False
Is 15 a factor of 285436068?
False
Does 450 divide 10773014?
False
Is 28 a factor of 487578084?
True
Is 972596380 a multiple of 140?
True
Is 1838696348 a multiple of 7486?
True
Does 17 divide 80145361?
True
Does 61 divide 209663353?
False
Does 40 divide 13248581?
False
Is 366973404 a multiple of 1885?
False
Is 14084748 a multiple of 262?
False
Is 29389932 a multiple of 18?
True
Does 34 divide 61320?
False
Is 1826786385 a multiple of 207?
True
Is 14399840 a multiple of 104?
True
Does 40 divide 1293213303?
False
Is 69126772 a multiple of 143?
True
Does 77 divide 307123124?
True
Does 319 divide 685852233?
True
Does 6155 divide 175594160?
False
Does 1493 divide 4084520148?
False
Is 67 a factor of 315396260?
False
Does 43 divide 121047666?
True
Does 36 divide 1237167315?
False
Does 30 divide 7523919?
False
Is 525 a factor of 940863325?
False
Does 1488 divide 178757904?
True
Does 210 divide 342823950?
True
Is 1592858652 a multiple of 241?
True
Does 68 divide 17139169?
False
Does 5702 divide 286253363?
False
Does 516 divide 114476504?
False
Is 8 a factor of 213646568?
True
Is 275 a factor of 11728475?
True
Is 27 a factor of 24405003?
True
Is 1522 a factor of 2043464596?
True
Does 1220 divide 323112120?
True
Is 15 a factor of 61470405?
True
Is 97 a factor of 23656457?
True
Is 261008550 a multiple of 495?
True
Does 2813 divide 1651499343?
False
Is 52 a factor of 371739160?
True
Is 17 a factor of 211222565?
False
Does 122 divide 10727732?
False
Is 125106382 a multiple of 8?
False
Is 27016542 a multiple of 294?
True
Is 1363 a factor of 373103531?
True
Is 117224093 a multiple of 1347?
False
Is 127 a factor of 17626699?
False
Is 5983 a factor of 341993992?
False
Is 129853415 a multiple of 97?
True
Is 15 a factor of 60277905?
True
Does 120 divide 26777370?
False
Does 133 divide 258378522?
False
Is 791 a factor of 612725450?
False
Does 4 divide 6700304?
True
Does 62 divide 5770079104?
True
Does 247 divide 95461301?
True
Is 67468425 a multiple of 73?
True
Does 173 divide 349872259?
True
Is 604 a factor of 71070868?
True
Is 25 a factor of 38871300?
True
Is 459726435 a multiple of 2511?
True
Is 76447738 a multiple of 1029?
False
Does 891 divide 102694878?
True
Does 477 divide 586771533?
True
Is 481 a factor of 122096559?
True
Is 880300867 a multiple of 136?
False
Is 183073137 a multiple of 1241?
False
Is 135461716 a multiple of 31?
False
Is 10 a factor of 668344605?
False
Is 1123216146 a multiple of 23?
False
Does 63 divide 12036163?
False
Is 526276845 a multiple of 15?
True
Is 1603 a factor of 1284338273?
F